79 + -53?
26
In base 3, what is -2112 - -11?
-2101
In base 16, what is 2 - -10d?
10f
In base 3, what is 10 + -2022222?
-2022212
In base 9, what is -63 + -2?
-65
In base 6, what is -25 - -1302?
1233
In base 6, what is 4541 + -5?
4532
In base 6, what is -42 - 13?
-55
In base 9, what is 2 + -64?
-62
In base 14, what is -2 + 15?
13
In base 8, what is 3 + 461?
464
In base 2, what is 100 - -11110000111?
11110001011
In base 15, what is 21 + 4?
25
In base 8, what is 16 - 156?
-140
In base 7, what is 1013 - -3?
1016
In base 2, what is -1 + 1111100?
1111011
In base 10, what is 2 - 1?
1
In base 2, what is -1 - -1011010010?
1011010001
In base 4, what is -2 - 1002231?
-1002233
In base 11, what is 5 + -8?
-3
In base 12, what is -1 - 24b?
-250
In base 9, what is -3 + 327?
324
In base 9, what is -1515 + -5?
-1521
In base 10, what is -19 - 3?
-22
In base 13, what is 810 - 1?
80c
In base 5, what is 120302 - 11?
120241
In base 15, what is 113 - -2?
115
In base 2, what is -11001 + 100011?
1010
In base 6, what is -102 + 133?
31
In base 15, what is -3 - 329?
-32c
In base 7, what is 25 + 12?
40
In base 4, what is -20320 + -10?
-20330
In base 13, what is 5 - -50?
55
In base 11, what is 11 - 16a?
-159
In base 12, what is -57 + 1?
-56
In base 4, what is -31 - -10223?
10132
In base 13, what is 757 - 1?
756
In base 2, what is -1000011 + -100100110?
-101101001
In base 6, what is 5 - 5133?
-5124
In base 6, what is 1305 + -24?
1241
In base 11, what is -18 + -4?
-21
In base 10, what is 59 + 10?
69
In base 8, what is -4 + -262?
-266
In base 13, what is 51 + 5?
56
In base 2, what is 1001101 - 10101100?
-1011111
In base 2, what is -10000110 + 110?
-10000000
In base 16, what is 9ba0 - 0?
9ba0
In base 6, what is -11 + 542?
531
In base 13, what is 25 + -5?
20
In base 15, what is -3 - -251?
24d
In base 15, what is -3e + -39?
-78
In base 11, what is -17a0 + -2?
-17a2
In base 7, what is -10 + 56?
46
In base 12, what is -4 - 78b?
-793
In base 13, what is 5 - 73?
-6b
In base 14, what is 1d - -10?
2d
In base 12, what is -2 - 10?
-12
In base 5, what is -10 + -40?
-100
In base 12, what is 2 + -a8b?
-a89
In base 11, what is -27 + 16?
-11
In base 15, what is -3d - 44?
-82
In base 6, what is -3 - -1341?
1334
In base 10, what is 1781 - 10?
1771
In base 7, what is 1 + 2444?
2445
In base 5, what is 1043 + -202?
341
In base 11, what is -40 - 0?
-40
In base 3, what is 22200 - -2?
22202
In base 8, what is -10 + -6?
-16
In base 11, what is 88 + -2?
86
In base 11, what is 339 + 4?
342
In base 14, what is -25 - bd?
-104
In base 8, what is 0 - 65?
-65
In base 2, what is -11100101 + -100?
-11101001
In base 12, what is -1384 - -3?
-1381
In base 13, what is 5 - 31?
-29
In base 5, what is 340 - -4?
344
In base 15, what is 8 - -48?
51
In base 11, what is 0 + 909?
909
In base 9, what is 466 + 1?
467
In base 3, what is -210 - -222?
12
In base 8, what is -1625 - -4?
-1621
In base 8, what is 1 + 62?
63
In base 9, what is -5 - 555?
-561
In base 15, what is 9 + b?
15
In base 8, what is 13 + 622?
635
In base 3, what is -1022 + -11012?
-12111
In base 14, what is -4 + -39a?
-3a0
In base 15, what is 3 - 2e?
-2b
In base 5, what is 134 - 11?
123
In base 16, what is -10a1 + -5?
-10a6
In base 10, what is 79 - -16?
95
In base 5, what is -143424 + 3?
-143421
In base 12, what is 5 - -11?
16
In base 8, what is -12 - 0?
-12
In base 2, what is -1011 - -10110?
1011
In base 11, what is 128 + -5?
123
In base 13, what is -43 + 2?
-41
In base 4, what is 120 + 1330?
2110
In base 2, what is 110 - 11100100?
-11011110
In base 12, what is 1a + 3?
21
In base 12, what is -48a0 - 2?
-48a2
In base 10, what is -10 + -6?
-16
In base 14, what is -3 - 50?
-53
In base 3, what is 11 - 202012?
-202001
In base 6, what is 12 + 1433?
1445
In base 5, what is 4 - -42100?
42104
In base 10, what is -478 - 4?
-482
In base 3, what is -21 + 21122021?
21122000
In base 8, what is 20 + 4?
24
In base 15, what is -1b + -267?
-283
In base 9, what is 3782 - -3?
3785
In base 8, what is -47335 + -3?
-47340
In base 6, what is -5 + 12?
3
In base 5, what is -301 + -1211?
-2012
In base 4, what is -2221 - 0?
-2221
In base 15, what is 5 + 121?
126
In base 11, what is 63 - 1?
62
In base 12, what is -8a - -1?
-89
In base 12, what is -15 + 73?
5a
In base 14, what is 951 - -1?
952
In base 12, what is 153 - -b?
162
In base 8, what is -17 + -2741?
-2760
In base 12, what is -1a - 15b?
-179
In base 13, what is -107 + 1?
-106
In base 16, what is -3 + -2c?
-2f
In base 3, what is -11200121 + 10?
-11200111
In base 6, what is -14 - -335?
321
In base 13, what is 8 + 11?
19
In base 3, what is -10 + 1201?
1121
In base 5, what is -120 - 343?
-1013
In base 8, what is 3 - 367?
-364
In base 2, what is -100101011 + 11011?
-100010000
In base 2, what is -100 - -1101010110?
1101010010
In base 13, what is -101 - 3?
-104
In base 9, what is 0 - -38?
38
In base 9, what is -15 - -54?
38
In base 9, what is 8 - -3?
12
In base 10, what is 8 - -8?
16
In base 12, what is 4 + -13a?
-136
In base 7, what is 242 - 40?
202
In base 15, what is 53 + -25?
2d
In base 2, what is 11 + -11001?
-10110
In base 4, what is 0 - 11200?
-11200
In base 5, what is 24 + -22?
2
In base 16, what is -3 - c2?
-c5
In base 14, what is -1bb + 4?
-1b7
In base 4, what is -22210 + 11?
-22133
In base 14, what is -d - -10?
1
In base 15, what is -5e + -10?
-6e
In base 4, what is 0 + 1330?
1330
In base 16, what is -3 - -87?
84
In base 9, what is 76 - -75?
162
In base 16, what is 8e6 - -1?
8e7
In base 6, what is 0 - 2243?
-2243
In base 7, what is 5 + 216?
224
In base 3, what is -1 - -2221?
2220
In base 8, what is 2317 - -3?
2322
In base 11, what is -46 - 1?
-47
In base 14, what is 1c2 + -4?
1bc
In base 14, what is 4 + -94?
-90
In base 13, what is 1 - 93?
-92
In base 7, what is 14 - 111?
-64
In base 5, what is -10 + -23132?
-23142
In base 11, what is 409 - 7?
402
In base 2, what is -110110100100 - -1?
-110110100011
In base 13, what is -1a7 - -3?
-1a4
In base 7, what is 1 - 41?
-40
In base 14, what is 5c + 12?
70
In base 9, what is 2 - 1004?
-1002
In base 9, what is -7135 + 4?
-7131
In base 8, what is -343 - 6?
-351
In base 9, what is -1 - 110?
-111
In base 10, what is -12098 - 3?
-12101
In base 15, what is 2c - -3?
30
In base 11, what is 8 + -a4?
-97
In base 8, what is 23 - -255?
300
In base 10, what is 1451 - -5?
1456
In base 7, what is -1026 + -5?
-1034
In base 15, what is 5 + 1758?
175d
In base 8, what is 531 - 3?
526
In base 14, what is 5b - 70?
-13
In base 14, what is 17c - -2?
180
In base 11, what is 2 + -794?
-792
In base 15, what is 64 + b8?
12c
In base 14, what is 2 - 10b?
-109
In base 8, what is 2 - 34?
-32
In base 15, what is -4 - -b9?
b5
In base 12, what is -2a + 0?
-2a
In base 12, what is 3 + -1498?
-1495
In base 3, what is -201 + 1022200?
1021222
In base 7, what is -1136 + -2?
-1141
In base 16, what is 9b3 + 4?
9b7
In base 15, what is d5 - 16?
be
In base 10, what is -4 - -24?
20
In base 9, what is 4 - -1407?
1412
In base 7, what is -4 - -542?
535
In base 8, what is -615 + 2?
-613
In base 10, what is 2 + -1328?
-1326
In base 10, what is 28 - -4?
32
In base 7, what is 113 + 13?
126
In base 9, what is 1 - 0?
1
In base 14, what is -1 - -82?
81
In base 16, what is -1371 - -2?
-136f
In base 5, what is 1300 + -4?
1241
In base 16, what is 4 - 73?
-6f
In base 14, what is a5 + -2?
a3
In base 11, what is -199 + -1?
-19a
In base 6, what is -15 + 101?
42
In base 7, what is -6 - 5314?
-5323
In base 3, what is 10 + -210?
-200
In base 12, what is -2 + 1373?
1371
In base 10, what is -5 - 248?
-253
In base 2, what is -10001100100 - 11?
-10001100111
In base 2, what is -100000 + -101?
-100101
In base 8, what is 5 + -631?
-624
In base 3, what is -10112 - 220?
-11102
In base 9, what is 21 + -12?
8
In base 13, what is 5 - -394?
399
In base 8, what is 14173 + 4?
14177
In base 5, what is 3 + -141423?
-141420
In base 8, what is 1674 + 0?
1674
In base 7, what is 3024 + 1?
3025
In base 6, what is 4 + -11041?
-11033
In base 9, what is -4 - -215?
211
In base 13, what is 642c - 3?
6429
In base 6, what is 2 - 3502?
-3500
In base 11, what is 1 - -20?
21
In base 6, what is 0 - 143?
-143
In base 7, what is -45 - 4?
-52
In base 12, what is 5 + -158a?
-1585
In base 14, what is 47b + 1?
47c
In base 4, what is 2 - 13?
-11
In base 12, what is 5 - -3a8?
3b1
In ba